 43.
22
Calculate the remainder when 29943 is divided by 1327.
749
Calculate the remainder when 1156087 is divided by 11.
9
Calculate the remainder when 73221 is divided by 3654.
141
What is the remainder when 1171338 is divided by 90?
78
Calculate the remainder when 1451596 is divided by 65977.
102
What is the remainder when 138704 is divided by 9244?
44
What is the remainder when 16737151 is divided by 2391018?
25
What is the remainder when 1304004 is divided by 434633?
105
Calculate the remainder when 89176740 is divided by 795.
0
Calculate the remainder when 15339335 is divided by 25.
10
Calculate the remainder when 28543 is divided by 3792.
1999
Calculate the remainder when 105639 is divided by 1232.
919
Calculate the remainder when 7889364 is divided by 1972282.
236
Calculate the remainder when 241736845 is divided by 1713.
1711
What is the remainder when 250361 is divided by 48927?
5726
What is the remainder when 9816 is divided by 198?
114
Calculate the remainder when 134510 is divided by 136.
6
What is the remainder when 9418247 is divided by 168?
167
What is the remainder when 310554 is divided by 20702?
24
What is the remainder when 5317489 is divided by 298?
275
Calculate the remainder when 90276 is divided by 12581.
2209
Calculate the remainder when 9431 is divided by 6524.
2907
Calculate the remainder when 93197522 is divided by 148.
146
What is the remainder when 457891 is divided by 457870?
21
Calculate the remainder when 889304 is divided by 15330.
164
Calculate the remainder when 39362988 is divided by 1905.
1878
What is the remainder when 7364953 is divided by 346?
343
Calculate the remainder when 168013 is divided by 6933.
1621
What is the remainder when 558823 is divided by 3879?
247
What is the remainder when 86479 is divided by 3091?
3022
What is the remainder when 564323 is divided by 27985?
4623
What is the remainder when 158137 is divided by 11562?
7831
Calculate the remainder when 2173838 is divided by 38.
10
What is the remainder when 111331 is divided by 27677?
623
What is the remainder when 1758358 is divided by 1726?
1290
Calculate the remainder when 516384 is divided by 11470.
234
What is the remainder when 339959 is divided by 303?
296
What is the remainder when 10593268 is divided by 3531088?
4
What is the remainder when 254926 is divided by 13404?
250
What is the remainder when 7941499 is divided by 3210?
3169
Calculate the remainder when 10998483 is divided by 2199690.
33
Calculate the remainder when 150458 is divided by 3434.
2796
Calculate the remainder when 22709 is divided by 21129.
1580
What is the remainder when 84654933 is divided by 16930975?
58
What is the remainder when 83026010 is divided by 3893?
3892
What is the remainder when 169428526 is divided by 272?
270
What is the remainder when 393177592 is divided by 23?
21
Calculate the remainder when 96689083 is divided by 25.
8
What is the remainder when 12813221 is divided by 1671?
1664
What is the remainder when 1014319 is divided by 2931?
193
Calculate the remainder when 1607429 is divided by 10.
9
What is the remainder when 31658490 is divided by 412?
410
Calculate the remainder when 3593892 is divided by 2063.
146
What is the remainder when 3954841 is divided by 19?
10
Calculate the remainder when 1699337 is divided by 1376.
1353
Calculate the remainder when 20466 is divided by 20199.
267
What is the remainder when 1666352 is divided by 833169?
14
Calculate the remainder when 324906 is divided by 54138.
78
What is the remainder when 116697 is divided by 9719?
69
Calculate the remainder when 101663281 is divided by 181.
106
What is the remainder when 3426984 is divided by 428352?
168
Calculate the remainder when 2693964 is divided by 1092.
0
Calculate the remainder when 10453 is divided by 4720.
1013
What is the remainder when 8854207 is divided by 33?
10
What is the remainder when 310282 is divided by 126?
70
What is the remainder when 365863511 is divided by 7784330?
1
What is the remainder when 27682918 is divided by 519?
496
What is the remainder when 197037 is divided by 49163?
385
What is the remainder when 5077536 is divided by 48?
0
Calculate the remainder when 17332102 is divided by 796.
794
Calculate the remainder when 3410293 is divided by 596.
577
Calculate the remainder when 3551045 is divided by 3115.
3060
What is the remainder when 14882170 is divided by 416?
186
Calculate the remainder when 55334738 is divided by 12.
2
Calculate the remainder when 872622 is divided by 405.
252
What is the remainder when 219678654 is divided by 40?
14
Calculate the remainder when 8450 is divided by 3268.
1914
What is the remainder when 716946 is divided by 1162?
1154
What is the remainder when 334441 is divided by 334359?
82
Calculate the remainder when 333230 is divided by 1596.
1262
What is the remainder when 4824975 is divided by 1206232?
47
Calculate the remainder when 937342 is divided by 2042.
64
Calculate the remainder when 14964851 is divided by 410.
261
Calculate the remainder when 28254467 is divided by 6071.
33
Calculate the remainder when 3314951 is divided by 309.
308
What is the remainder when 1474406 is divided by 10098?
98
Calculate the remainder when 275157 is divided by 9159.
387
Calculate the remainder when 2557 is divided by 1190.
177
Calculate the remainder when 19042 is divided by 16581.
2461
What is the remainder when 124496 is divided by 4376?
1968
What is the remainder when 183849 is divided by 267?
153
Calculate the remainder when 133777 is divided by 133617.
160
What is the remainder when 626403080 is divided by 93?
92
What is the remainder when 60020 is divided by 1457?
283
Calculate the remainder when 27426 is divided by 27396.
30
Calculate the remainder when 248041 is divided by 11268.
145
Calculate the remainder when 1696416 is divided by 38.
20
Calculate the remainder when 839570 is divided by 465.
245
Calculate the remainder when 9153226 is divided by 240874.
14
Calculate the remainder when 11571999 is divided by 137.
20
Calculate the remainder when 1579944 is divided by 58515.
39
Calculate the remainder when 525707 is divided by 521.
18
Calculate the remainder when 59978429 is divided by 257418.
35
Calculate the remainder when 2804436 is divided by 434.
362
What is the remainder when 2527529 is divided by 148?
133
Calculate the remainder when 1057730 is divided by 85.
75
Calculate the remainder when 92324 is divided by 10252.
56
What is the remainder when 32929373 is divided by 736?
733
What is the remainder when 68085 is divided by 11301?
279
Calculate the remainder when 451659 is divided by 2377.
29
What is the remainder when 606298 is divided by 20895?
343
What is the remainder when 106741 is divided by 52944?
853
Calculate the remainder when 29712077 is divided by 80.
77
What is the remainder when 444865 is divided by 87?
34
What is the remainder when 9272027 is divided by 43?
23
Calculate the remainder when 7053383 is divided by 156.
155
What is the remainder when 5932182 is divided by 4427?
2
Calculate the remainder when 18114437 is divided by 6481.
42
What is the remainder when 224363544 is divided by 37393920?
24
What is the remainder when 962335 is divided by 160388?
7
Calculate the remainder when 302811 is divided by 612.
483
Calculate the remainder when 257583 is divided by 2453.
18
What is the remainder when 1910756 is divided by 650?
406
Calculate the remainder when 292249 is divided by 466.
67
Calculate the remainder when 17549993 is divided by 17549977.
16
What is the remainder when 1019513 is divided by 203858?
223
What is the remainder when 3219392 is divided by 6086?
5984
What is the remainder when 1175844 is divided by 130639?
93
What is the remainder when 190258 is divided by 190238?
20
Calculate the remainder when 323187 is divided by 4004.
2867
What is the remainder when 116948 is divided by 244?
72
What is the remainder when 23403514 is divided by 26?
4
What is the remainder when 1265835 is divided by 23441?
21
What is the remainder when 36641201 is divided by 6180?
6161
What is the remainder when 711040173 is divided by 26?
25
Calculate the remainder when 9921433 is divided by 1417329.
130
What is the remainder when 41955 is divided by 3560?
2795
What is the remainder when 3554935 is di